{"id":877,"date":"2020-10-06T12:40:17","date_gmt":"2020-10-06T10:40:17","guid":{"rendered":"https:\/\/qualitypush.com\/w\/partner-empfehlungen\/"},"modified":"2025-05-07T14:04:50","modified_gmt":"2025-05-07T12:04:50","slug":"partner-empfehlungen","status":"publish","type":"page","link":"https:\/\/qualitypush.com\/w\/start\/partner-empfehlungen\/","title":{"rendered":"Partner und Empfehlungen"},"content":{"rendered":"\n<figure class=\"wp-block-image size-large\"><img data-recalc-dims=\"1\" loading=\"lazy\" decoding=\"async\" width=\"525\" height=\"350\" src=\"https:\/\/i0.wp.com\/qualitypush.com\/w\/wp-content\/uploads\/2021\/11\/stingray-4392776_1920.jpg?resize=525%2C350&#038;ssl=1\" alt=\"\" class=\"wp-image-1254\" srcset=\"https:\/\/i0.wp.com\/qualitypush.com\/w\/wp-content\/uploads\/2021\/11\/stingray-4392776_1920.jpg?resize=1024%2C683&amp;ssl=1 1024w, https:\/\/i0.wp.com\/qualitypush.com\/w\/wp-content\/uploads\/2021\/11\/stingray-4392776_1920.jpg?resize=300%2C200&amp;ssl=1 300w, https:\/\/i0.wp.com\/qualitypush.com\/w\/wp-content\/uploads\/2021\/11\/stingray-4392776_1920.jpg?resize=768%2C512&amp;ssl=1 768w, https:\/\/i0.wp.com\/qualitypush.com\/w\/wp-content\/uploads\/2021\/11\/stingray-4392776_1920.jpg?resize=1536%2C1024&amp;ssl=1 1536w, https:\/\/i0.wp.com\/qualitypush.com\/w\/wp-content\/uploads\/2021\/11\/stingray-4392776_1920.jpg?w=1920&amp;ssl=1 1920w\" sizes=\"auto, (max-width: 767px) 89vw, (max-width: 1000px) 54vw, (max-width: 1071px) 543px, 580px\" \/><figcaption class=\"wp-element-caption\">Jeder braucht Partner. <\/figcaption><\/figure>\n\n\n\n<p>TEAMBUILDING: <a href=\"https:\/\/www.lacocinamemberapp.de\/seminare\" target=\"_blank\" rel=\"noreferrer noopener\">LaCocina Seminark\u00fcche<\/a> &#8211; Top Location, top Vortrag, top Kochevent und dann top Essen. Sehr zu empfehlen!<\/p>\n\n\n\n<p>BERATUNG: <a href=\"https:\/\/einboot.org\/\">https:\/\/einboot.org<\/a> &#8211; Johanna Tomppert und Boris Walter. 2 Organisationsberater. Top Kollegen. Meine Wahl, wenn es um l\u00e4ngere Projekte geht.<\/p>\n\n\n\n<p>OUTDOOR TRAINING: <a href=\"https:\/\/www.wildnistraining-westerwald.de\/\">https:\/\/www.wildnistraining-westerwald.de\/<\/a> Marco Plass, F\u00fchrungskr\u00e4fte- und Outdoortrainer und Survival Profi<\/p>\n\n\n\n<p>ONLINE: <a href=\"http:\/\/www.polimehr.de\">http:\/\/www.polimehr.de<\/a> &#8211; Onlineagentur, Hosting etc.<\/p>\n\n\n\n<p>DESIGN: <a href=\"https:\/\/www.von-muttern.com\/about\">https:\/\/www.von-muttern.com\/about<\/a> &#8211; Hochwertige Letter Press Karten &amp; Grafik Design Services f\u00fcr Firmenkunden<\/p>\n\n\n\n<p><\/p>\n\n\n\n<h2 class=\"wp-block-heading\"><strong>Und nun?<\/strong><\/h2>\n\n\n\n<p class=\"has-white-color has-text-color has-background\" style=\"background-color:#429999\"><strong><a href=\"https:\/\/www.qualitypush.com\/w\/deutschland\" target=\"_blank\" rel=\"noreferrer noopener\">Unser Fokus &amp; unsere Methoden<\/a><\/strong><\/p>\n\n\n\n<p class=\"has-white-color has-text-color has-background\" style=\"background-color:#42bbbb\"><strong><a href=\"https:\/\/www.qualitypush.com\/w\/sverige-haernoesand\" target=\"_blank\" rel=\"noreferrer noopener\">Work &amp; Wandern auf unserer Seminarinsel in Schweden<\/a><\/strong><\/p>\n\n\n\n<p class=\"has-white-color has-text-color has-background\" style=\"background-color:#42dddd\"><strong><a href=\"https:\/\/www.qualitypush.com\/w\/kundenfeedback\" target=\"_blank\" rel=\"noreferrer noopener\">Kundenfeedback anschauen<\/a><\/strong><\/p>\n\n\n\n<p class=\"has-white-color has-text-color has-background\" style=\"background-color:#42eeee\"><strong><a href=\"https:\/\/www.qualitypush.com\/w\/kontakt\" target=\"_blank\" rel=\"noreferrer noopener\">Kontakt aufnehmen<\/a><\/strong><\/p>\n\n\n\n<p><\/p>\n","protected":false},"excerpt":{"rendered":"<p>TEAMBUILDING: LaCocina Seminark\u00fcche &#8211; Top Location, top Vortrag, top Kochevent und dann top Essen. Sehr zu empfehlen! BERATUNG: https:\/\/einboot.org &#8211; Johanna Tomppert und Boris Walter. 2 Organisationsberater. Top Kollegen. Meine Wahl, wenn es um l\u00e4ngere Projekte geht. OUTDOOR TRAINING: https:\/\/www.wildnistraining-westerwald.de\/ Marco Plass, F\u00fchrungskr\u00e4fte- und Outdoortrainer und Survival Profi ONLINE: http:\/\/www.polimehr.de &#8211; Onlineagentur, Hosting etc. DESIGN: &hellip; <\/p>\n<p class=\"link-more\"><a href=\"https:\/\/qualitypush.com\/w\/start\/partner-empfehlungen\/\" class=\"more-link\"><span class=\"screen-reader-text\">\u201ePartner und Empfehlungen\u201c <\/span>weiterlesen<\/a><\/p>\n","protected":false},"author":1,"featured_media":0,"parent":35,"menu_order":0,"comment_status":"closed","ping_status":"closed","template":"","meta":{"jetpack_post_was_ever_published":false,"footnotes":""},"class_list":["post-877","page","type-page","status-publish","hentry"],"jetpack-related-posts":[{"id":423,"url":"https:\/\/qualitypush.com\/w\/start\/neuigkeiten\/","url_meta":{"origin":877,"position":0},"title":"Neuigkeiten","author":"Patrick","date":"24. Februar 2020","format":false,"excerpt":"News rund um unsere Arbeit (und wegen unserer Seminarinsel auch speziell \u00fcber die Region H\u00f6ga Kusten in Schweden). Beeindruckend, was der Travel-Retail Champion Gebr. Heinemann in mehreren Generationen weltweit auf die Beine gestellt hat. Willkommen in unserer sehr kleinen, sehr feinen Kundenfamilie! Wow! Um keinen Auftrag habe ich so gek\u00e4mpft,\u2026","rel":"","context":"\u00c4hnlicher Beitrag","block_context":{"text":"\u00c4hnlicher Beitrag","link":""},"img":{"alt_text":"","src":"https:\/\/i0.wp.com\/qualitypush.com\/w\/wp-content\/uploads\/2022\/10\/TopoftheTop10s.png?resize=350%2C200&ssl=1","width":350,"height":200},"classes":[]},{"id":36,"url":"https:\/\/qualitypush.com\/w\/start\/ueber-uns\/","url_meta":{"origin":877,"position":1},"title":"Profil","author":"Patrick","date":"30. Januar 2020","format":false,"excerpt":"Patrick Wilke, Gr\u00fcnder qp Vater, Organisationsberater, F\u00fchrungskr\u00e4ftetrainer, Coach Erfahrung in Mittelstand, Agentur, Beratung, Freiberuf, Konzern Wirtschaftshistoriker und Fachjournalist Agiler Team Facilitator (DACH30), SCRUM Product Owner, Prozessberater (AUDI) und KVP Moderator (VW) Taucher,\u00a0KI-Musiker und Heimwerker Rettungshelfer, Rettungstaucher, Rettungsschwimmer Werdegang 1997-2005: arbeits-sozialisiert wurde ich in den Kellern der Kernkraftwerke dieser Welt. Als\u2026","rel":"","context":"\u00c4hnlicher Beitrag","block_context":{"text":"\u00c4hnlicher Beitrag","link":""},"img":{"alt_text":"","src":"https:\/\/i0.wp.com\/qualitypush.com\/w\/wp-content\/uploads\/2025\/10\/outdoor.png?resize=350%2C200&ssl=1","width":350,"height":200,"srcset":"https:\/\/i0.wp.com\/qualitypush.com\/w\/wp-content\/uploads\/2025\/10\/outdoor.png?resize=350%2C200&ssl=1 1x, https:\/\/i0.wp.com\/qualitypush.com\/w\/wp-content\/uploads\/2025\/10\/outdoor.png?resize=525%2C300&ssl=1 1.5x, https:\/\/i0.wp.com\/qualitypush.com\/w\/wp-content\/uploads\/2025\/10\/outdoor.png?resize=700%2C400&ssl=1 2x"},"classes":[]},{"id":160,"url":"https:\/\/qualitypush.com\/w\/kundenfeedback\/","url_meta":{"origin":877,"position":2},"title":"Feedback und Kunden","author":"Patrick","date":"31. Januar 2020","format":false,"excerpt":"Diese Feedbacks sind zu 99% repr\u00e4sentativ bei inzwischen > 5.000 Teilnehmenden an Beratungsprojekten, Trainings und Workshops: \"Vielen Dank noch einmal f\u00fcr deinen spannenden Impulsvortrag. Dein Vortrag ist bei allen gut angekommen. Besonders positiv fanden wir, dass du viele unterschiedliche Themen angerissen hast, die die Teilnehmenden anschlie\u00dfend zum Austausch angeregt haben\u2026","rel":"","context":"\u00c4hnlicher Beitrag","block_context":{"text":"\u00c4hnlicher Beitrag","link":""},"img":{"alt_text":"","src":"","width":0,"height":0},"classes":[]},{"id":2,"url":"https:\/\/qualitypush.com\/w\/sverige-haernoesand\/","url_meta":{"origin":877,"position":3},"title":"In Schweden","author":"Patrick","date":"30. Januar 2020","format":false,"excerpt":"Eine eigene Insel - nur f\u00fcr Dich, Dein Team oder Deine Familie! In Schwedens Top Outdoorregion H\u00f6ga Kusten erschaffen wir einen einzigartigen Ort f\u00fcr Erholung, ungest\u00f6rte Arbeit, oder um ins Feuer zu starren: R\u00e5holmen. Unsere kleine Insel ist: ein Ort f\u00fcr bis zu 8 Personen, auf 10.000qm nordischem Urwald, in\u2026","rel":"","context":"\u00c4hnlicher Beitrag","block_context":{"text":"\u00c4hnlicher Beitrag","link":""},"img":{"alt_text":"","src":"https:\/\/i0.wp.com\/qualitypush.com\/w\/wp-content\/uploads\/2024\/04\/10000235417268486475659369678.jpg?resize=350%2C200","width":350,"height":200,"srcset":"https:\/\/i0.wp.com\/qualitypush.com\/w\/wp-content\/uploads\/2024\/04\/10000235417268486475659369678.jpg?resize=350%2C200 1x, https:\/\/i0.wp.com\/qualitypush.com\/w\/wp-content\/uploads\/2024\/04\/10000235417268486475659369678.jpg?resize=525%2C300 1.5x, https:\/\/i0.wp.com\/qualitypush.com\/w\/wp-content\/uploads\/2024\/04\/10000235417268486475659369678.jpg?resize=700%2C400 2x, https:\/\/i0.wp.com\/qualitypush.com\/w\/wp-content\/uploads\/2024\/04\/10000235417268486475659369678.jpg?resize=1050%2C600 3x, https:\/\/i0.wp.com\/qualitypush.com\/w\/wp-content\/uploads\/2024\/04\/10000235417268486475659369678.jpg?resize=1400%2C800 4x"},"classes":[]},{"id":37,"url":"https:\/\/qualitypush.com\/w\/start\/kontakt\/","url_meta":{"origin":877,"position":4},"title":"Kontakt","author":"Patrick","date":"30. Januar 2020","format":false,"excerpt":"qualitypush.com Name: Patrick Wilke Street: Heckenstrasse 1 Town: 29308 Winsen Aller Phone: +49 172 4373357 Email: mail@qualitypush.com Insta: https:\/\/www.instagram.com\/Isle.of.change LinkedIn: https:\/\/de.linkedin.com\/in\/patrick-wilke-6bba85b0 Xing: https:\/\/www.xing.com\/profile\/Patrick_Wilke15\/ Informiere Dich weiter \u00fcber uns:","rel":"","context":"\u00c4hnlicher Beitrag","block_context":{"text":"\u00c4hnlicher Beitrag","link":""},"img":{"alt_text":"","src":"","width":0,"height":0},"classes":[]},{"id":3,"url":"https:\/\/qualitypush.com\/w\/start\/privacy-policy\/","url_meta":{"origin":877,"position":5},"title":"Privacy Policy","author":"Patrick","date":"30. Januar 2020","format":false,"excerpt":"Who we are Our website address is: http:\/\/qualitypush.com\/ What personal data we collect and why we collect it Comments When visitors leave comments on the site we collect the data shown in the comments form, and also the visitor\u2019s IP address and browser user agent string to help spam detection.\u2026","rel":"","context":"\u00c4hnlicher Beitrag","block_context":{"text":"\u00c4hnlicher Beitrag","link":""},"img":{"alt_text":"","src":"","width":0,"height":0},"classes":[]}],"jetpack_sharing_enabled":true,"jetpack_likes_enabled":true,"_links":{"self":[{"href":"https:\/\/qualitypush.com\/w\/wp-json\/wp\/v2\/pages\/877","targetHints":{"allow":["GET"]}}],"collection":[{"href":"https:\/\/qualitypush.com\/w\/wp-json\/wp\/v2\/pages"}],"about":[{"href":"https:\/\/qualitypush.com\/w\/wp-json\/wp\/v2\/types\/page"}],"author":[{"embeddable":true,"href":"https:\/\/qualitypush.com\/w\/wp-json\/wp\/v2\/users\/1"}],"replies":[{"embeddable":true,"href":"https:\/\/qualitypush.com\/w\/wp-json\/wp\/v2\/comments?post=877"}],"version-history":[{"count":10,"href":"https:\/\/qualitypush.com\/w\/wp-json\/wp\/v2\/pages\/877\/revisions"}],"predecessor-version":[{"id":1798,"href":"https:\/\/qualitypush.com\/w\/wp-json\/wp\/v2\/pages\/877\/revisions\/1798"}],"up":[{"embeddable":true,"href":"https:\/\/qualitypush.com\/w\/wp-json\/wp\/v2\/pages\/35"}],"wp:attachment":[{"href":"https:\/\/qualitypush.com\/w\/wp-json\/wp\/v2\/media?parent=877"}],"curies":[{"name":"wp","href":"https:\/\/api.w.org\/{rel}","templated":true}]}}