{"id":381,"date":"2020-02-22T19:30:35","date_gmt":"2020-02-22T18:30:35","guid":{"rendered":"http:\/\/qualitypush.com\/w\/?page_id=381"},"modified":"2025-03-16T23:17:53","modified_gmt":"2025-03-16T22:17:53","slug":"soziales-engagement","status":"publish","type":"page","link":"https:\/\/qualitypush.com\/w\/start\/soziales-engagement\/","title":{"rendered":"Soziales Engagement"},"content":{"rendered":"\n<figure class=\"wp-block-image size-large\"><img data-recalc-dims=\"1\" loading=\"lazy\" decoding=\"async\" width=\"525\" height=\"295\" src=\"https:\/\/i0.wp.com\/qualitypush.com\/w\/wp-content\/uploads\/2022\/10\/waves-circles-109964_1920-edited-1.jpg?resize=525%2C295&#038;ssl=1\" alt=\"\" class=\"wp-image-1494\" srcset=\"https:\/\/i0.wp.com\/qualitypush.com\/w\/wp-content\/uploads\/2022\/10\/waves-circles-109964_1920-edited-1.jpg?w=768&amp;ssl=1 768w, https:\/\/i0.wp.com\/qualitypush.com\/w\/wp-content\/uploads\/2022\/10\/waves-circles-109964_1920-edited-1.jpg?resize=300%2C168&amp;ssl=1 300w\" sizes=\"auto, (max-width: 767px) 89vw, (max-width: 1000px) 54vw, (max-width: 1071px) 543px, 580px\" \/><figcaption class=\"wp-element-caption\">Anderen zu helfen ist jedermanns Chance, diese Welt in ein Paradies zu verwandeln. <br \/>Erstaunlich, wenn jemand diese Chance nicht nutzt.<\/figcaption><\/figure>\n\n\n\n<p><strong>2025<\/strong> geht das Engagement f\u00fcr die FLF Frauen weiter. Im Juni erfahrt ihr, wer diesmal unterst\u00fctzt wird.<\/p>\n\n\n\n<p><strong>2024<\/strong> fokussieren wir uns auf den Support der Future Leaders in Football (FLF). 20 Frauen aus L\u00e4ndern wie \u00c4gypten, Iran, Kosovo, Nepal oder Ecuador f\u00f6rdern M\u00e4dchen durch Zugang zu Sport. Im Programm FLF erhalten sie F\u00fchrungstrainings. <a href=\"https:\/\/www.sport-for-development.com\/news\/future-leaders\" target=\"_blank\" rel=\"noreferrer noopener\">Organisiert wird das Programm von der GIZ und dem DFB.<\/a> Volkswagen ist Sponsor. Wir spenden 2024 an diese Projekte und bieten den wunderbaren Frauen kostenlose Coachings an. Sie gr\u00fcnden in ihren Heimatl\u00e4ndern Vereine, Organisationen oder engagieren sich journalistisch f\u00fcr Sport f\u00fcr M\u00e4dchen und Frauen. 2024 gingen 1000 Euro von uns und weiteren Spendern an Safe Spaces f\u00fcr das Anschauen und Genie\u00dfen von Sport\u00fcbertragungen.<\/p>\n\n\n\n<p><strong>2023 qualitypush \u00fcberl\u00e4sst auf der Seminarinsel in Schweden 8.000qm Wald komplett der Natur. Au\u00dferdem spenden wir ca. 25% des Gewinns (gro\u00dfteils OHNE Spendenbescheinigung). Das Geld geht an:<\/strong><\/p>\n\n\n\n<ul class=\"wp-block-list\">\n<li>an von Armut konkret bedrohte Menschen auf Sri Lanka<\/li>\n\n\n\n<li><span style=\"font-size: 1rem;\">an die Kinder-Initiative <em>Kiwis <\/em>der WISAG<\/span><\/li>\n\n\n\n<li>an Rreefs.com zur Wiederherstellung von Korallenriffs<\/li>\n\n\n\n<li>an die Tafeln<\/li>\n\n\n\n<li>an Bienenretter.com<\/li>\n\n\n\n<li><span style=\"font-size: 1rem;\">inform eines Impact Abos des Enorm Magazins<\/span> (ein abo f\u00fcr dich + eins f\u00fcr jemand anderen)<\/li>\n\n\n\n<li>an die Wikimedia Foundation<\/li>\n\n\n\n<li>an das Otterzentrum Hankensb\u00fcttel<\/li>\n\n\n\n<li>an den WWF<\/li>\n\n\n\n<li>an das hervorragende Podcast-Team von Bucketheads<\/li>\n<\/ul>\n\n\n\n<p><strong>2022 qualitypush spendet ca. 25% des Gewinns, u.a.<\/strong><\/p>\n\n\n\n<ul class=\"wp-block-list\">\n<li>An Rreefs.com zur Wiederherstellung von Korallenriffs<\/li>\n\n\n\n<li>F\u00fcr eine Operation einer mittelosen Frau in Sri Lanka<\/li>\n\n\n\n<li><span style=\"font-size: 1rem;\">inform eines Impact Abos des Enorm Magazins<\/span><\/li>\n\n\n\n<li><span style=\"font-size: 1rem;\">an die Kinder-Initiative <em>Kiwis <\/em>der WISAG<\/span><\/li>\n\n\n\n<li>an das Otterzentrum Hankensb\u00fcttel<\/li>\n\n\n\n<li>an den WWF<\/li>\n\n\n\n<li>an einen hervorragenden Podcaster<\/li>\n<\/ul>\n\n\n\n<p><\/p>\n\n\n\n<p><strong>2021 qualitypush spendet wie immer j\u00e4hrlich ca. 10% des Gewinns, u.a.<\/strong><\/p>\n\n\n\n<ul class=\"wp-block-list\">\n<li>an ein Wissenschaftsprojekt mit Starter-Sets f\u00fcr Korallenriffe aus 3D Druck<\/li>\n\n\n\n<li>inform eines Impact Abos des Enorm Magazins<\/li>\n\n\n\n<li>an Kinder auf Sri Lanka<\/li>\n\n\n\n<li>an die Kinder-Initiative<span style=\"font-size: 1rem;\"> <em>Kiwis <\/em>der WISAG<\/span><\/li>\n\n\n\n<li>an das Otterzentrum Hankensb\u00fcttel<\/li>\n\n\n\n<li>an den WWF<\/li>\n\n\n\n<li>an einen hervorragenden Podcaster<\/li>\n\n\n\n<li>an slayradio.org<\/li>\n\n\n\n<li>und an den Verein Kindergef\u00e4ngnis Bad Freienwalde<\/li>\n<\/ul>\n\n\n\n<p><\/p>\n\n\n\n<p><strong>2020 qualitypush half neben Geldspenden von ca. 10% des Gewinns<\/strong>&#8230;<\/p>\n\n\n\n<ul class=\"wp-block-list\">\n<li>als Mentor und Expert:in des Solution Enabler Programms eine der weltgr\u00f6\u00dften Ideenfindungskampagnen, initiiert von der Bundesregierung: #WirVsVirus (<a href=\"www.wirvsvirus.org\">www.wirvsvirus.org<\/a> \/ <a href=\"www.projecttogether.org\">www.projecttogether.org<\/a>)<\/li>\n<\/ul>\n","protected":false},"excerpt":{"rendered":"<p>2025 geht das Engagement f\u00fcr die FLF Frauen weiter. Im Juni erfahrt ihr, wer diesmal unterst\u00fctzt wird. 2024 fokussieren wir uns auf den Support der Future Leaders in Football (FLF). 20 Frauen aus L\u00e4ndern wie \u00c4gypten, Iran, Kosovo, Nepal oder Ecuador f\u00f6rdern M\u00e4dchen durch Zugang zu Sport. Im Programm FLF erhalten sie F\u00fchrungstrainings. Organisiert wird &hellip; <\/p>\n<p class=\"link-more\"><a href=\"https:\/\/qualitypush.com\/w\/start\/soziales-engagement\/\" class=\"more-link\"><span class=\"screen-reader-text\">\u201eSoziales Engagement\u201c <\/span>weiterlesen<\/a><\/p>\n","protected":false},"author":1,"featured_media":0,"parent":35,"menu_order":0,"comment_status":"open","ping_status":"closed","template":"","meta":{"jetpack_post_was_ever_published":false,"footnotes":""},"class_list":["post-381","page","type-page","status-publish","hentry"],"jetpack-related-posts":[{"id":36,"url":"https:\/\/qualitypush.com\/w\/start\/ueber-uns\/","url_meta":{"origin":381,"position":0},"title":"Profil","author":"Patrick","date":"30. Januar 2020","format":false,"excerpt":"Patrick Wilke, Gr\u00fcnder qp Vater, Organisationsberater, F\u00fchrungskr\u00e4ftetrainer, Coach Erfahrung in Mittelstand, Agentur, Beratung, Freiberuf, Konzern Wirtschaftshistoriker und Fachjournalist Agiler Team Facilitator (DACH30), SCRUM Product Owner, Prozessberater (AUDI) und KVP Moderator (VW) Taucher,\u00a0KI-Musiker und Heimwerker Rettungshelfer, Rettungstaucher, Rettungsschwimmer Werdegang 1997-2005: arbeits-sozialisiert wurde ich in den Kellern der Kernkraftwerke dieser Welt. Als\u2026","rel":"","context":"\u00c4hnlicher Beitrag","block_context":{"text":"\u00c4hnlicher Beitrag","link":""},"img":{"alt_text":"","src":"https:\/\/i0.wp.com\/qualitypush.com\/w\/wp-content\/uploads\/2025\/10\/outdoor.png?resize=350%2C200&ssl=1","width":350,"height":200,"srcset":"https:\/\/i0.wp.com\/qualitypush.com\/w\/wp-content\/uploads\/2025\/10\/outdoor.png?resize=350%2C200&ssl=1 1x, https:\/\/i0.wp.com\/qualitypush.com\/w\/wp-content\/uploads\/2025\/10\/outdoor.png?resize=525%2C300&ssl=1 1.5x, https:\/\/i0.wp.com\/qualitypush.com\/w\/wp-content\/uploads\/2025\/10\/outdoor.png?resize=700%2C400&ssl=1 2x"},"classes":[]}],"jetpack_sharing_enabled":true,"jetpack_likes_enabled":true,"_links":{"self":[{"href":"https:\/\/qualitypush.com\/w\/wp-json\/wp\/v2\/pages\/381","targetHints":{"allow":["GET"]}}],"collection":[{"href":"https:\/\/qualitypush.com\/w\/wp-json\/wp\/v2\/pages"}],"about":[{"href":"https:\/\/qualitypush.com\/w\/wp-json\/wp\/v2\/types\/page"}],"author":[{"embeddable":true,"href":"https:\/\/qualitypush.com\/w\/wp-json\/wp\/v2\/users\/1"}],"replies":[{"embeddable":true,"href":"https:\/\/qualitypush.com\/w\/wp-json\/wp\/v2\/comments?post=381"}],"version-history":[{"count":10,"href":"https:\/\/qualitypush.com\/w\/wp-json\/wp\/v2\/pages\/381\/revisions"}],"predecessor-version":[{"id":1758,"href":"https:\/\/qualitypush.com\/w\/wp-json\/wp\/v2\/pages\/381\/revisions\/1758"}],"up":[{"embeddable":true,"href":"https:\/\/qualitypush.com\/w\/wp-json\/wp\/v2\/pages\/35"}],"wp:attachment":[{"href":"https:\/\/qualitypush.com\/w\/wp-json\/wp\/v2\/media?parent=381"}],"curies":[{"name":"wp","href":"https:\/\/api.w.org\/{rel}","templated":true}]}}