{"id":37,"date":"2020-01-30T13:37:49","date_gmt":"2020-01-30T11:37:49","guid":{"rendered":"http:\/\/qualitypush.com\/w\/?page_id=37"},"modified":"2026-04-06T09:15:13","modified_gmt":"2026-04-06T07:15:13","slug":"kontakt","status":"publish","type":"page","link":"https:\/\/qualitypush.com\/w\/start\/kontakt\/","title":{"rendered":"Kontakt"},"content":{"rendered":"\n<p><strong>qualitypush.com<\/strong><\/p>\n\n\n\n<p><strong>Name: <\/strong>Patrick Wilke<\/p>\n\n\n\n<p><strong>Street: <\/strong>Heckenstrasse 1<\/p>\n\n\n\n<p><strong>Town: <\/strong>29308 Winsen Aller<\/p>\n\n\n\n<p><strong>Email: <\/strong><a href=\"mail@qualitypush.com\">mail@qualitypush.com<\/a><\/p>\n\n\n\n<p><\/p>\n\n\n\n<h2 class=\"wp-block-heading\">Informiere Dich weiter \u00fcber uns:<\/h2>\n\n\n\n<p class=\"has-white-color has-text-color has-background\" style=\"background-color:#429999\"><strong><a href=\"https:\/\/www.qualitypush.com\/w\/deutschland\" target=\"_blank\" rel=\"noreferrer noopener\">Unser Fokus &amp; unsere Methoden<\/a><\/strong><\/p>\n\n\n\n<p class=\"has-white-color has-text-color has-background\" style=\"background-color:#42bbbb\"><strong><a href=\"https:\/\/www.qualitypush.com\/w\/sverige-haernoesand\" target=\"_blank\" rel=\"noreferrer noopener\">Work &amp; Wandern auf unserer Seminarinsel in Schweden<\/a><\/strong><\/p>\n\n\n\n<p class=\"has-white-color has-text-color has-background\" style=\"background-color:#42dddd\"><strong><a href=\"https:\/\/www.qualitypush.com\/w\/kundenfeedback\" target=\"_blank\" rel=\"noreferrer noopener\">Kundenfeedback anschauen<\/a><\/strong><\/p>\n","protected":false},"excerpt":{"rendered":"<p>qualitypush.com Name: Patrick Wilke Street: Heckenstrasse 1 Town: 29308 Winsen Aller Email: mail@qualitypush.com Informiere Dich weiter \u00fcber uns:<\/p>\n","protected":false},"author":1,"featured_media":0,"parent":35,"menu_order":0,"comment_status":"closed","ping_status":"closed","template":"","meta":{"jetpack_post_was_ever_published":false,"footnotes":""},"class_list":["post-37","page","type-page","status-publish","hentry"],"jetpack-related-posts":[{"id":38,"url":"https:\/\/qualitypush.com\/w\/blog\/","url_meta":{"origin":37,"position":0},"title":"Blog","author":"Patrick","date":"30. Januar 2020","format":false,"excerpt":"","rel":"","context":"\u00c4hnlicher Beitrag","block_context":{"text":"\u00c4hnlicher Beitrag","link":""},"img":{"alt_text":"","src":"","width":0,"height":0},"classes":[]},{"id":35,"url":"https:\/\/qualitypush.com\/w\/","url_meta":{"origin":37,"position":1},"title":"qualitypush.com &#8211; Changeberatung aus der Praxis","author":"Patrick","date":"30. Januar 2020","format":false,"excerpt":"seit 2005 \u201eMeine Erwartungen waren definitiv zu gering.\u201c (Ein Kundenfeedback) Unsere Vision: Wir wollen, dass Deutschland ein vorteilhafter Standort bleibt, indem wir wirksames F\u00fchrungsverhalten f\u00f6rdern. Es sollte f\u00fcr alle Menschen in Deutschland selbstverst\u00e4ndlich sein, in einer erfolgreichen, Lernenden Organisation arbeiten zu d\u00fcrfen. Unsere Mission Ver\u00e4nderungsvorhaben werden oft enthusiastisch initiiert -\u2026","rel":"","context":"\u00c4hnlicher Beitrag","block_context":{"text":"\u00c4hnlicher Beitrag","link":""},"img":{"alt_text":"","src":"https:\/\/i0.wp.com\/qualitypush.com\/w\/wp-content\/uploads\/2020\/12\/bubbles2-1.jpg?fit=1141%2C1200&ssl=1&resize=350%2C200","width":350,"height":200,"srcset":"https:\/\/i0.wp.com\/qualitypush.com\/w\/wp-content\/uploads\/2020\/12\/bubbles2-1.jpg?fit=1141%2C1200&ssl=1&resize=350%2C200 1x, https:\/\/i0.wp.com\/qualitypush.com\/w\/wp-content\/uploads\/2020\/12\/bubbles2-1.jpg?fit=1141%2C1200&ssl=1&resize=525%2C300 1.5x, https:\/\/i0.wp.com\/qualitypush.com\/w\/wp-content\/uploads\/2020\/12\/bubbles2-1.jpg?fit=1141%2C1200&ssl=1&resize=700%2C400 2x, https:\/\/i0.wp.com\/qualitypush.com\/w\/wp-content\/uploads\/2020\/12\/bubbles2-1.jpg?fit=1141%2C1200&ssl=1&resize=1050%2C600 3x"},"classes":[]},{"id":1811,"url":"https:\/\/qualitypush.com\/w\/20-jahre-qualitypush-com-%f0%9f%a5%b3\/","url_meta":{"origin":37,"position":2},"title":"20 Jahre qualitypush.com \ud83e\udd73","author":"Patrick","date":"2. September 2025","format":false,"excerpt":"Angefangen hat es 2005 mit der\u00a0Optimierung von Webseiten\u00a0(daher der Name, danke @Kevin Arnold f\u00fcr den Start damals!), dann kamen\u00a0Redaktionstrainings\u00a0dazu (danke @Simon Kaatz und @aperto ), und schnell auch\u00a0F\u00fchrungsseminare\u00a0(danke @ Heinrich und Roswitha Roth f\u00fcr alles), danke @ Marco Plass und @J\u00fcrgen Freisl f\u00fcr Hand in Hand Kooperation und\u00a0Beratung\u00a0(danke @ einboot.org\u2026","rel":"","context":"\u00c4hnlicher Beitrag","block_context":{"text":"\u00c4hnlicher Beitrag","link":""},"img":{"alt_text":"","src":"","width":0,"height":0},"classes":[]},{"id":877,"url":"https:\/\/qualitypush.com\/w\/start\/partner-empfehlungen\/","url_meta":{"origin":37,"position":3},"title":"Partner und Empfehlungen","author":"Patrick","date":"6. Oktober 2020","format":false,"excerpt":"Jeder braucht Partner. TEAMBUILDING: LaCocina Seminark\u00fcche - Top Location, top Vortrag, top Kochevent und dann top Essen. Sehr zu empfehlen! BERATUNG: https:\/\/einboot.org - Johanna Tomppert und Boris Walter. 2 Organisationsberater. Top Kollegen. Meine Wahl, wenn es um l\u00e4ngere Projekte geht. OUTDOOR TRAINING: https:\/\/www.wildnistraining-westerwald.de\/ Marco Plass, F\u00fchrungskr\u00e4fte- und Outdoortrainer und Survival\u2026","rel":"","context":"\u00c4hnlicher Beitrag","block_context":{"text":"\u00c4hnlicher Beitrag","link":""},"img":{"alt_text":"","src":"https:\/\/i0.wp.com\/qualitypush.com\/w\/wp-content\/uploads\/2021\/11\/stingray-4392776_1920.jpg?resize=350%2C200&ssl=1","width":350,"height":200,"srcset":"https:\/\/i0.wp.com\/qualitypush.com\/w\/wp-content\/uploads\/2021\/11\/stingray-4392776_1920.jpg?resize=350%2C200&ssl=1 1x, https:\/\/i0.wp.com\/qualitypush.com\/w\/wp-content\/uploads\/2021\/11\/stingray-4392776_1920.jpg?resize=525%2C300&ssl=1 1.5x, https:\/\/i0.wp.com\/qualitypush.com\/w\/wp-content\/uploads\/2021\/11\/stingray-4392776_1920.jpg?resize=700%2C400&ssl=1 2x, https:\/\/i0.wp.com\/qualitypush.com\/w\/wp-content\/uploads\/2021\/11\/stingray-4392776_1920.jpg?resize=1050%2C600&ssl=1 3x, https:\/\/i0.wp.com\/qualitypush.com\/w\/wp-content\/uploads\/2021\/11\/stingray-4392776_1920.jpg?resize=1400%2C800&ssl=1 4x"},"classes":[]},{"id":100,"url":"https:\/\/qualitypush.com\/w\/deutschland\/","url_meta":{"origin":37,"position":4},"title":"Unser Fokus","author":"Patrick","date":"30. Januar 2020","format":false,"excerpt":"Mit folgenden Anliegen bist Du bei uns am besten aufgehoben: Du suchst Sparringspartner, die selbst aktive F\u00fchrungskr\u00e4fte sind, Du m\u00f6chtest Strategien, Reorganisationen und Ver\u00e4nderungen ins Ziel bringen, Du m\u00f6chtest Eure F\u00fchrungskr\u00e4fte trainieren oder herausfordern, Du m\u00f6chtest Trainings anreichern mit speziell f\u00fcr dein Unternehmen entwickelten Businesss-Spielen. Arbeitsweise & Methoden Ownership und\u2026","rel":"","context":"\u00c4hnlicher Beitrag","block_context":{"text":"\u00c4hnlicher Beitrag","link":""},"img":{"alt_text":"","src":"https:\/\/i0.wp.com\/qualitypush.com\/w\/wp-content\/uploads\/2022\/10\/image_editor_output_image-809832921-1666463077202.jpg?resize=350%2C200&ssl=1","width":350,"height":200,"srcset":"https:\/\/i0.wp.com\/qualitypush.com\/w\/wp-content\/uploads\/2022\/10\/image_editor_output_image-809832921-1666463077202.jpg?resize=350%2C200&ssl=1 1x, https:\/\/i0.wp.com\/qualitypush.com\/w\/wp-content\/uploads\/2022\/10\/image_editor_output_image-809832921-1666463077202.jpg?resize=525%2C300&ssl=1 1.5x, https:\/\/i0.wp.com\/qualitypush.com\/w\/wp-content\/uploads\/2022\/10\/image_editor_output_image-809832921-1666463077202.jpg?resize=700%2C400&ssl=1 2x"},"classes":[]},{"id":381,"url":"https:\/\/qualitypush.com\/w\/start\/soziales-engagement\/","url_meta":{"origin":37,"position":5},"title":"Soziales Engagement","author":"Patrick","date":"22. Februar 2020","format":false,"excerpt":"Anderen zu helfen ist jedermanns Chance, diese Welt in ein Paradies zu verwandeln. Erstaunlich, wenn jemand diese Chance nicht nutzt. 2025 geht das Engagement f\u00fcr die FLF Frauen weiter. Im Juni erfahrt ihr, wer diesmal unterst\u00fctzt wird. 2024 fokussieren wir uns auf den Support der Future Leaders in Football (FLF).\u2026","rel":"","context":"\u00c4hnlicher Beitrag","block_context":{"text":"\u00c4hnlicher Beitrag","link":""},"img":{"alt_text":"","src":"https:\/\/i0.wp.com\/qualitypush.com\/w\/wp-content\/uploads\/2022\/10\/waves-circles-109964_1920-edited-1.jpg?resize=350%2C200&ssl=1","width":350,"height":200,"srcset":"https:\/\/i0.wp.com\/qualitypush.com\/w\/wp-content\/uploads\/2022\/10\/waves-circles-109964_1920-edited-1.jpg?resize=350%2C200&ssl=1 1x, https:\/\/i0.wp.com\/qualitypush.com\/w\/wp-content\/uploads\/2022\/10\/waves-circles-109964_1920-edited-1.jpg?resize=525%2C300&ssl=1 1.5x, https:\/\/i0.wp.com\/qualitypush.com\/w\/wp-content\/uploads\/2022\/10\/waves-circles-109964_1920-edited-1.jpg?resize=700%2C400&ssl=1 2x"},"classes":[]}],"jetpack_sharing_enabled":true,"jetpack_likes_enabled":true,"_links":{"self":[{"href":"https:\/\/qualitypush.com\/w\/wp-json\/wp\/v2\/pages\/37","targetHints":{"allow":["GET"]}}],"collection":[{"href":"https:\/\/qualitypush.com\/w\/wp-json\/wp\/v2\/pages"}],"about":[{"href":"https:\/\/qualitypush.com\/w\/wp-json\/wp\/v2\/types\/page"}],"author":[{"embeddable":true,"href":"https:\/\/qualitypush.com\/w\/wp-json\/wp\/v2\/users\/1"}],"replies":[{"embeddable":true,"href":"https:\/\/qualitypush.com\/w\/wp-json\/wp\/v2\/comments?post=37"}],"version-history":[{"count":8,"href":"https:\/\/qualitypush.com\/w\/wp-json\/wp\/v2\/pages\/37\/revisions"}],"predecessor-version":[{"id":1835,"href":"https:\/\/qualitypush.com\/w\/wp-json\/wp\/v2\/pages\/37\/revisions\/1835"}],"up":[{"embeddable":true,"href":"https:\/\/qualitypush.com\/w\/wp-json\/wp\/v2\/pages\/35"}],"wp:attachment":[{"href":"https:\/\/qualitypush.com\/w\/wp-json\/wp\/v2\/media?parent=37"}],"curies":[{"name":"wp","href":"https:\/\/api.w.org\/{rel}","templated":true}]}}