{"id":36,"date":"2020-01-30T13:37:49","date_gmt":"2020-01-30T11:37:49","guid":{"rendered":"http:\/\/qualitypush.com\/w\/?page_id=36"},"modified":"2025-10-17T13:21:46","modified_gmt":"2025-10-17T11:21:46","slug":"ueber-uns","status":"publish","type":"page","link":"https:\/\/qualitypush.com\/w\/start\/ueber-uns\/","title":{"rendered":"Profil"},"content":{"rendered":"\n<div class=\"wp-block-media-text is-stacked-on-mobile\" style=\"grid-template-columns:36% auto\"><figure class=\"wp-block-media-text__media\"><img data-recalc-dims=\"1\" loading=\"lazy\" decoding=\"async\" width=\"525\" height=\"735\" src=\"https:\/\/i0.wp.com\/qualitypush.com\/w\/wp-content\/uploads\/2025\/10\/outdoor.png?resize=525%2C735&#038;ssl=1\" alt=\"\" class=\"wp-image-1817 size-full\" srcset=\"https:\/\/i0.wp.com\/qualitypush.com\/w\/wp-content\/uploads\/2025\/10\/outdoor.png?w=725&amp;ssl=1 725w, https:\/\/i0.wp.com\/qualitypush.com\/w\/wp-content\/uploads\/2025\/10\/outdoor.png?resize=214%2C300&amp;ssl=1 214w\" sizes=\"auto, (max-width: 525px) 100vw, 525px\" \/><\/figure><div class=\"wp-block-media-text__content\">\n<h2 class=\"wp-block-heading\">Patrick Wilke, Gr\u00fcnder qp<\/h2>\n\n\n\n<ul class=\"wp-block-list\">\n<li class=\"has-black-color has-text-color has-link-color wp-elements-1829e0a50caf05f14b0a5f97c63ab690\">Vater, Organisationsberater, F\u00fchrungskr\u00e4ftetrainer, Coach<\/li>\n\n\n\n<li class=\"has-black-color has-text-color has-link-color wp-elements-e2af7869a0244e9f9fecd35acb4b5d83\">Erfahrung in Mittelstand, Agentur, Beratung, Freiberuf, Konzern<\/li>\n\n\n\n<li class=\"has-black-color has-text-color has-link-color wp-elements-12577512b00b1e4f278beeb3253248ee\">Wirtschaftshistoriker und Fachjournalist<\/li>\n\n\n\n<li class=\"has-black-color has-text-color has-link-color wp-elements-36d6026833a658fe8ab244bf69302621\">Agiler Team Facilitator (DACH30), SCRUM Product Owner, Prozessberater (AUDI) und KVP Moderator (VW)<\/li>\n\n\n\n<li class=\"has-black-color has-text-color has-link-color wp-elements-8c5718c06edb39bd900a142fc9733711\">Taucher,\u00a0KI-Musiker und Heimwerker<\/li>\n\n\n\n<li class=\"has-black-color has-text-color has-link-color wp-elements-2c2873f4572cd50bb7344893a56533a2\">Rettungshelfer, Rettungstaucher, Rettungsschwimmer<\/li>\n<\/ul>\n<\/div><\/div>\n\n\n\n<p><strong>Werdegang<\/strong><\/p>\n\n\n\n<p class=\"has-black-color has-text-color has-link-color wp-elements-a0c331bbcd011de1472792652d35d947\"><strong><mark style=\"background-color:rgba(0,0,0,0);color:#000000\" class=\"has-inline-color has-black-color\">1997-2005: arbeits-sozialisiert wurde ich in den Kellern der Kernkraftwerke dieser Welt<\/mark><\/strong>. Als Werkstoffpr\u00fcfer bedeutete mein Job neben Verantwortung und Kameradschaft vor allem: Hitze, K\u00e4lte, Strahlung, Chemikalien, Nachtschichten, Shut-Downs, Turnarounds, Deadlines, Hochrisiko &#8211; das pr\u00e4gt.<\/p>\n\n\n\n<p class=\"has-black-color has-text-color has-link-color wp-elements-ab5f77eaa754dc7351215f350b396498\"><strong>2002-2009: Studium parallel zur Arbeit<\/strong> &#8211; erst Grundstudium Dipl. Biologie und dann\u00a0Magister Artium Wirtschaftsgeschichte &amp; Fachjournalistik.<\/p>\n\n\n\n<p class=\"has-black-color has-text-color has-link-color wp-elements-f75e7fe24b1e8d12ddd1cdcb721c2adc\"><strong><mark style=\"background-color:rgba(0, 0, 0, 0)\" class=\"has-inline-color has-black-color\">2005<\/mark>: Gr\u00fcndung qualitypush als Freelancernetzwerk<\/strong> mit damaligem Fokus auf der Optimierung von Onlineportalen &#8211; daher der Name, der sich bis heute gehalten hat.<\/p>\n\n\n\n<p class=\"has-black-color has-text-color has-link-color wp-elements-c54990064ce49b0747315ed24d44038f\"><mark style=\"background-color:rgba(0, 0, 0, 0)\" class=\"has-inline-color has-black-color\"><strong>2010: Fokussierung auf Beratung und Trainings<\/strong> im Bereich F\u00fchrung, Change und Kommunikation. Einen kleinen Kundenkreis begleite ich bei Ver\u00e4nderungen und Personalentwicklung.\u00a0Zunehmend halte ich auch Keynotes und produziere exklusive\u00a0 Business-Spiele f\u00fcr meine Kunden.<\/mark><\/p>\n\n\n\n<p class=\"has-black-color has-text-color has-link-color wp-elements-1d53ba824d732286c804056a9e80fe4b\"><strong>Seit 2009: <strong>Parallel arbeite ich <\/strong>hauptberuflich\u00a0im Volkswagen Konzern<\/strong>. Erst als Fachreferent, dann Programmleiter, dann als F\u00fchrungskraft in den Bereichen Digitales Marketing, interne Akademie, Effizienzprogramme und KVP, Changebegleitung, Strategie und Customer Experience.<\/p>\n\n\n\n<hr class=\"wp-block-separator has-css-opacity\"\/>\n\n\n\n<div class=\"wp-block-media-text alignwide is-stacked-on-mobile\" style=\"grid-template-columns:36% auto\"><figure class=\"wp-block-media-text__media\"><img data-recalc-dims=\"1\" loading=\"lazy\" decoding=\"async\" width=\"525\" height=\"836\" src=\"https:\/\/i0.wp.com\/qualitypush.com\/w\/wp-content\/uploads\/2022\/07\/20220704_091614-scaled-e1657992940921-643x1024.jpg?resize=525%2C836&#038;ssl=1\" alt=\"\" class=\"wp-image-1476 size-full\" srcset=\"https:\/\/i0.wp.com\/qualitypush.com\/w\/wp-content\/uploads\/2022\/07\/20220704_091614-scaled-e1657992940921.jpg?resize=643%2C1024&amp;ssl=1 643w, https:\/\/i0.wp.com\/qualitypush.com\/w\/wp-content\/uploads\/2022\/07\/20220704_091614-scaled-e1657992940921.jpg?resize=188%2C300&amp;ssl=1 188w, https:\/\/i0.wp.com\/qualitypush.com\/w\/wp-content\/uploads\/2022\/07\/20220704_091614-scaled-e1657992940921.jpg?resize=768%2C1223&amp;ssl=1 768w, https:\/\/i0.wp.com\/qualitypush.com\/w\/wp-content\/uploads\/2022\/07\/20220704_091614-scaled-e1657992940921.jpg?resize=964%2C1536&amp;ssl=1 964w, https:\/\/i0.wp.com\/qualitypush.com\/w\/wp-content\/uploads\/2022\/07\/20220704_091614-scaled-e1657992940921.jpg?w=1181&amp;ssl=1 1181w, https:\/\/i0.wp.com\/qualitypush.com\/w\/wp-content\/uploads\/2022\/07\/20220704_091614-scaled-e1657992940921.jpg?w=1050&amp;ssl=1 1050w\" sizes=\"auto, (max-width: 525px) 100vw, 525px\" \/><\/figure><div class=\"wp-block-media-text__content\">\n<h2 class=\"wp-block-heading\">Gordon H\u00fcnies, Partner qp<\/h2>\n\n\n\n<ul class=\"wp-block-list\">\n<li>Vater von 3en, Gesch\u00e4ftsf\u00fchrer, Gr\u00fcnder<\/li>\n\n\n\n<li>Stratege, Projektmanager und Vertriebsprofi<\/li>\n\n\n\n<li>Konzernerfahrung, Agenturerfahrung, Mittelstandserfahrung, Selbst\u00e4ndigkeit<\/li>\n\n\n\n<li>Studierter Medienwissenschaftler und Nachrichtentechniker, sowie Politikwissenschaftler<\/li>\n\n\n\n<li>Musiker, L\u00e4ufer, Taucher<\/li>\n<\/ul>\n<\/div><\/div>\n\n\n\n<p><strong>Werdegang<\/strong><\/p>\n\n\n\n<p><mark style=\"background-color:rgba(0,0,0,0);color:#000000\" class=\"has-inline-color has-black-color\"><strong>Von 1995 &#8211; 2006: Arbeits-Sozialisiert in der zerst\u00f6rungsfreien Werkstoffpr\u00fcfung in Industrieanlagen rund um die Welt<\/strong>. <\/mark>Ich hatte das gro\u00dfe Gl\u00fcck, fr\u00fch in einen ziemlich speziellen technischen Bereich zu kommen, der mich nachhaltig gepr\u00e4gt hat. Als Sch\u00fcler eines technischen Gymnasiums war der Ferienjob im Industrieservice mit seinen weltweiten Eins\u00e4tzen genau das Richtige f\u00fcr mich. Mein Organisations-Gen brachte mich bald ins Projektmanagement.<\/p>\n\n\n\n<p><strong>Zwischen 2004 und 2007 kam dann noch die Aktivit\u00e4t als Profi-Tour-Musiker dazu.<\/strong> Ein interdiziplin\u00e4res Studium von technischer und theoretischer Informatik \u00fcber Medienrecht und Kognitionspsychologie bis hin zum &#8222;Schwul-Lesbischen Film w\u00e4hrend der finnischen Winterkriege&#8220; hat mir eines vor allem gezeigt: es kommt auf das Paradigma an, in dem man denkt.<\/p>\n\n\n\n<p><mark style=\"background-color:rgba(0,0,0,0);color:#000000\" class=\"has-inline-color has-black-color\"><strong>2007 &#8211; dato: F\u00fchrungspositionen in Industrie-Projekten und Service.<\/strong><\/mark><mark style=\"background-color:rgba(0,0,0,0);color:#000000\" class=\"has-inline-color has-black-color\"> In den Branchen Werkstoffpr\u00fcfung, Verschlei\u00dfschutz und<\/mark><mark style=\"background-color:rgba(0,0,0,0);color:#004242\" class=\"has-inline-color\"> R<\/mark>ecycling durchlief ich s\u00e4mtliche Positionen vom Projektleiter und Business Incubation und F&amp;E Manager \u00fcber Leiter Vertrieb und Projekte, bis zum Gesch\u00e4ftsf\u00fchrer. Arbeitgeber waren dabei unter anderem Areva, Kalenborn und die EDF. Ich hatte sehr kleine Teams, aber auch ziemlich gro\u00dfe Bereiche, alles hat seinen Charm. Ich hatte immer Kollegen, nie Mitarbeiter und lie\u00df mir gern vorwerfen, eine &#8222;fraternalisierende F\u00fchrungskraft&#8220; zu sein. Ich will professionelle N\u00e4he und keine professionelle Distanz.<\/p>\n\n\n\n<p><strong>Workshop und Seminare:<\/strong> In den verschiedenen Organisationen habe ich jedes Jahr diverse Workshops, Seminare und Trainings konzipiert und umgesetzt. Von Strategie-Workshops mit den Gesch\u00e4ftsf\u00fchrern der 12 Konzernt\u00f6chter \u00fcber Teamveranstaltungen bis zu Einzelcoachings. \u00dcber mehrere Jahre war ich fester Beobachter im Assessment Center und habe F\u00fchrungskr\u00e4ftetrainings begleitet. Ich engagiere mich in diesen Themen mit voller Leidenschaft.<\/p>\n\n\n\n<p><strong>Heute:<\/strong> Gesch\u00e4ftsf\u00fchrer der Cyclife Germany GmbH &#8211; R\u00fcckbau kerntechnischer Anlagen &#8211; und in Nebent\u00e4tigkeit frischgebackener Partner bei qualitypush.com mit den Schwerpunkten Strategie und gesamtunternehmerisches Business Development, Projektmanagement, Innovationsmanagement und Vertrieb.<\/p>\n\n\n\n<hr class=\"wp-block-separator has-alpha-channel-opacity\"\/>\n\n\n\n<h2 class=\"wp-block-heading\">N\u00e4chste Schritte<\/h2>\n\n\n\n<p class=\"has-white-color has-text-color has-background\" style=\"background-color:#42dddd\"><strong><a href=\"https:\/\/www.qualitypush.com\/w\/kundenfeedback\" target=\"_blank\" rel=\"noreferrer noopener\">Kundenfeedback anschauen<\/a><\/strong><\/p>\n\n\n\n<p class=\"has-white-color has-text-color has-background\" style=\"background-color:#429999\"><strong><a href=\"https:\/\/www.qualitypush.com\/w\/deutschland\" target=\"_blank\" rel=\"noreferrer noopener\">Unser Fokus &amp; unsere Methoden<\/a><\/strong><\/p>\n\n\n\n<p class=\"has-white-color has-text-color has-background\" style=\"background-color:#42bbbb\"><strong><a href=\"https:\/\/www.qualitypush.com\/w\/sverige-haernoesand\" target=\"_blank\" rel=\"noreferrer noopener\">Work &amp; Wandern auf unserer Seminarinsel in Schweden<\/a><\/strong><\/p>\n\n\n\n<p class=\"has-white-color has-text-color has-background\" style=\"background-color:#42eeee\"><strong><a href=\"https:\/\/www.qualitypush.com\/w\/kontakt\" target=\"_blank\" rel=\"noreferrer noopener\">Kontakt aufnehmen<\/a><\/strong><\/p>\n","protected":false},"excerpt":{"rendered":"<p>Werdegang 1997-2005: arbeits-sozialisiert wurde ich in den Kellern der Kernkraftwerke dieser Welt. Als Werkstoffpr\u00fcfer bedeutete mein Job neben Verantwortung und Kameradschaft vor allem: Hitze, K\u00e4lte, Strahlung, Chemikalien, Nachtschichten, Shut-Downs, Turnarounds, Deadlines, Hochrisiko &#8211; das pr\u00e4gt. 2002-2009: Studium parallel zur Arbeit &#8211; erst Grundstudium Dipl. Biologie und dann\u00a0Magister Artium Wirtschaftsgeschichte &amp; Fachjournalistik. 2005: Gr\u00fcndung qualitypush als &hellip; <\/p>\n<p class=\"link-more\"><a href=\"https:\/\/qualitypush.com\/w\/start\/ueber-uns\/\" class=\"more-link\"><span class=\"screen-reader-text\">\u201eProfil\u201c <\/span>weiterlesen<\/a><\/p>\n","protected":false},"author":1,"featured_media":0,"parent":35,"menu_order":0,"comment_status":"closed","ping_status":"closed","template":"","meta":{"jetpack_post_was_ever_published":false,"footnotes":""},"class_list":["post-36","page","type-page","status-publish","hentry"],"jetpack-related-posts":[{"id":37,"url":"https:\/\/qualitypush.com\/w\/start\/kontakt\/","url_meta":{"origin":36,"position":0},"title":"Kontakt","author":"Patrick","date":"30. Januar 2020","format":false,"excerpt":"qualitypush.com Name: Patrick Wilke Street: Heckenstrasse 1 Town: 29308 Winsen Aller Phone: +49 172 4373357 Email: mail@qualitypush.com Insta: https:\/\/www.instagram.com\/Isle.of.change LinkedIn: https:\/\/de.linkedin.com\/in\/patrick-wilke-6bba85b0 Xing: https:\/\/www.xing.com\/profile\/Patrick_Wilke15\/ Informiere Dich weiter \u00fcber uns:","rel":"","context":"\u00c4hnlicher Beitrag","block_context":{"text":"\u00c4hnlicher Beitrag","link":""},"img":{"alt_text":"","src":"","width":0,"height":0},"classes":[]},{"id":877,"url":"https:\/\/qualitypush.com\/w\/start\/partner-empfehlungen\/","url_meta":{"origin":36,"position":1},"title":"Partner und Empfehlungen","author":"Patrick","date":"6. Oktober 2020","format":false,"excerpt":"Jeder braucht Partner. TEAMBUILDING: LaCocina Seminark\u00fcche - Top Location, top Vortrag, top Kochevent und dann top Essen. Sehr zu empfehlen! BERATUNG: https:\/\/einboot.org - Johanna Tomppert und Boris Walter. 2 Organisationsberater. Top Kollegen. Meine Wahl, wenn es um l\u00e4ngere Projekte geht. OUTDOOR TRAINING: https:\/\/www.wildnistraining-westerwald.de\/ Marco Plass, F\u00fchrungskr\u00e4fte- und Outdoortrainer und Survival\u2026","rel":"","context":"\u00c4hnlicher Beitrag","block_context":{"text":"\u00c4hnlicher Beitrag","link":""},"img":{"alt_text":"","src":"https:\/\/i0.wp.com\/qualitypush.com\/w\/wp-content\/uploads\/2021\/11\/stingray-4392776_1920.jpg?resize=350%2C200&ssl=1","width":350,"height":200,"srcset":"https:\/\/i0.wp.com\/qualitypush.com\/w\/wp-content\/uploads\/2021\/11\/stingray-4392776_1920.jpg?resize=350%2C200&ssl=1 1x, https:\/\/i0.wp.com\/qualitypush.com\/w\/wp-content\/uploads\/2021\/11\/stingray-4392776_1920.jpg?resize=525%2C300&ssl=1 1.5x, https:\/\/i0.wp.com\/qualitypush.com\/w\/wp-content\/uploads\/2021\/11\/stingray-4392776_1920.jpg?resize=700%2C400&ssl=1 2x, https:\/\/i0.wp.com\/qualitypush.com\/w\/wp-content\/uploads\/2021\/11\/stingray-4392776_1920.jpg?resize=1050%2C600&ssl=1 3x, https:\/\/i0.wp.com\/qualitypush.com\/w\/wp-content\/uploads\/2021\/11\/stingray-4392776_1920.jpg?resize=1400%2C800&ssl=1 4x"},"classes":[]},{"id":35,"url":"https:\/\/qualitypush.com\/w\/","url_meta":{"origin":36,"position":2},"title":"qualitypush.com &#8211; Changeberatung aus der Praxis","author":"Patrick","date":"30. Januar 2020","format":false,"excerpt":"seit 2005 \u201eMeine Erwartungen waren definitiv zu gering.\u201c (Ein Kundenfeedback) Unsere Vision: Wir wollen, dass Deutschland ein vorteilhafter Standort bleibt, indem wir wirksames F\u00fchrungsverhalten f\u00f6rdern. Es sollte f\u00fcr alle Menschen in Deutschland selbstverst\u00e4ndlich sein, in einer erfolgreichen, Lernenden Organisation arbeiten zu d\u00fcrfen. Unsere Mission Ver\u00e4nderungsvorhaben werden oft enthusiastisch initiiert -\u2026","rel":"","context":"\u00c4hnlicher Beitrag","block_context":{"text":"\u00c4hnlicher Beitrag","link":""},"img":{"alt_text":"","src":"https:\/\/i0.wp.com\/qualitypush.com\/w\/wp-content\/uploads\/2020\/12\/bubbles2-1.jpg?fit=1141%2C1200&ssl=1&resize=350%2C200","width":350,"height":200,"srcset":"https:\/\/i0.wp.com\/qualitypush.com\/w\/wp-content\/uploads\/2020\/12\/bubbles2-1.jpg?fit=1141%2C1200&ssl=1&resize=350%2C200 1x, https:\/\/i0.wp.com\/qualitypush.com\/w\/wp-content\/uploads\/2020\/12\/bubbles2-1.jpg?fit=1141%2C1200&ssl=1&resize=525%2C300 1.5x, https:\/\/i0.wp.com\/qualitypush.com\/w\/wp-content\/uploads\/2020\/12\/bubbles2-1.jpg?fit=1141%2C1200&ssl=1&resize=700%2C400 2x, https:\/\/i0.wp.com\/qualitypush.com\/w\/wp-content\/uploads\/2020\/12\/bubbles2-1.jpg?fit=1141%2C1200&ssl=1&resize=1050%2C600 3x"},"classes":[]},{"id":100,"url":"https:\/\/qualitypush.com\/w\/deutschland\/","url_meta":{"origin":36,"position":3},"title":"Unser Fokus","author":"Patrick","date":"30. Januar 2020","format":false,"excerpt":"Mit folgenden Anliegen bist Du bei uns am besten aufgehoben: Du suchst Sparringspartner, die selbst aktive F\u00fchrungskr\u00e4fte sind, Du m\u00f6chtest Strategien, Reorganisationen und Ver\u00e4nderungen ins Ziel bringen, Du m\u00f6chtest Eure F\u00fchrungskr\u00e4fte trainieren oder herausfordern, Du m\u00f6chtest Trainings anreichern mit speziell f\u00fcr dein Unternehmen entwickelten Businesss-Spielen. Arbeitsweise & Methoden Ownership und\u2026","rel":"","context":"\u00c4hnlicher Beitrag","block_context":{"text":"\u00c4hnlicher Beitrag","link":""},"img":{"alt_text":"","src":"https:\/\/i0.wp.com\/qualitypush.com\/w\/wp-content\/uploads\/2022\/10\/image_editor_output_image-809832921-1666463077202.jpg?resize=350%2C200&ssl=1","width":350,"height":200,"srcset":"https:\/\/i0.wp.com\/qualitypush.com\/w\/wp-content\/uploads\/2022\/10\/image_editor_output_image-809832921-1666463077202.jpg?resize=350%2C200&ssl=1 1x, https:\/\/i0.wp.com\/qualitypush.com\/w\/wp-content\/uploads\/2022\/10\/image_editor_output_image-809832921-1666463077202.jpg?resize=525%2C300&ssl=1 1.5x, https:\/\/i0.wp.com\/qualitypush.com\/w\/wp-content\/uploads\/2022\/10\/image_editor_output_image-809832921-1666463077202.jpg?resize=700%2C400&ssl=1 2x"},"classes":[]},{"id":160,"url":"https:\/\/qualitypush.com\/w\/kundenfeedback\/","url_meta":{"origin":36,"position":4},"title":"Feedback und Kunden","author":"Patrick","date":"31. Januar 2020","format":false,"excerpt":"Diese Feedbacks sind zu 99% repr\u00e4sentativ bei inzwischen > 5.000 Teilnehmenden an Beratungsprojekten, Trainings und Workshops: \"Vielen Dank noch einmal f\u00fcr deinen spannenden Impulsvortrag. Dein Vortrag ist bei allen gut angekommen. Besonders positiv fanden wir, dass du viele unterschiedliche Themen angerissen hast, die die Teilnehmenden anschlie\u00dfend zum Austausch angeregt haben\u2026","rel":"","context":"\u00c4hnlicher Beitrag","block_context":{"text":"\u00c4hnlicher Beitrag","link":""},"img":{"alt_text":"","src":"","width":0,"height":0},"classes":[]},{"id":381,"url":"https:\/\/qualitypush.com\/w\/start\/soziales-engagement\/","url_meta":{"origin":36,"position":5},"title":"Soziales Engagement","author":"Patrick","date":"22. Februar 2020","format":false,"excerpt":"Anderen zu helfen ist jedermanns Chance, diese Welt in ein Paradies zu verwandeln. Erstaunlich, wenn jemand diese Chance nicht nutzt. 2025 geht das Engagement f\u00fcr die FLF Frauen weiter. Im Juni erfahrt ihr, wer diesmal unterst\u00fctzt wird. 2024 fokussieren wir uns auf den Support der Future Leaders in Football (FLF).\u2026","rel":"","context":"\u00c4hnlicher Beitrag","block_context":{"text":"\u00c4hnlicher Beitrag","link":""},"img":{"alt_text":"","src":"https:\/\/i0.wp.com\/qualitypush.com\/w\/wp-content\/uploads\/2022\/10\/waves-circles-109964_1920-edited-1.jpg?resize=350%2C200&ssl=1","width":350,"height":200,"srcset":"https:\/\/i0.wp.com\/qualitypush.com\/w\/wp-content\/uploads\/2022\/10\/waves-circles-109964_1920-edited-1.jpg?resize=350%2C200&ssl=1 1x, https:\/\/i0.wp.com\/qualitypush.com\/w\/wp-content\/uploads\/2022\/10\/waves-circles-109964_1920-edited-1.jpg?resize=525%2C300&ssl=1 1.5x, https:\/\/i0.wp.com\/qualitypush.com\/w\/wp-content\/uploads\/2022\/10\/waves-circles-109964_1920-edited-1.jpg?resize=700%2C400&ssl=1 2x"},"classes":[]}],"jetpack_sharing_enabled":true,"jetpack_likes_enabled":true,"_links":{"self":[{"href":"https:\/\/qualitypush.com\/w\/wp-json\/wp\/v2\/pages\/36","targetHints":{"allow":["GET"]}}],"collection":[{"href":"https:\/\/qualitypush.com\/w\/wp-json\/wp\/v2\/pages"}],"about":[{"href":"https:\/\/qualitypush.com\/w\/wp-json\/wp\/v2\/types\/page"}],"author":[{"embeddable":true,"href":"https:\/\/qualitypush.com\/w\/wp-json\/wp\/v2\/users\/1"}],"replies":[{"embeddable":true,"href":"https:\/\/qualitypush.com\/w\/wp-json\/wp\/v2\/comments?post=36"}],"version-history":[{"count":10,"href":"https:\/\/qualitypush.com\/w\/wp-json\/wp\/v2\/pages\/36\/revisions"}],"predecessor-version":[{"id":1818,"href":"https:\/\/qualitypush.com\/w\/wp-json\/wp\/v2\/pages\/36\/revisions\/1818"}],"up":[{"embeddable":true,"href":"https:\/\/qualitypush.com\/w\/wp-json\/wp\/v2\/pages\/35"}],"wp:attachment":[{"href":"https:\/\/qualitypush.com\/w\/wp-json\/wp\/v2\/media?parent=36"}],"curies":[{"name":"wp","href":"https:\/\/api.w.org\/{rel}","templated":true}]}}